{"id":15822,"date":"2017-01-18T15:07:18","date_gmt":"2017-01-18T14:07:18","guid":{"rendered":"http:\/\/studiocanepa.it\/?page_id=15822\/"},"modified":"2024-01-01T23:11:44","modified_gmt":"2024-01-01T22:11:44","slug":"o-studio","status":"publish","type":"page","link":"https:\/\/studiocanepa.it\/ze\/o-studio\/","title":{"rendered":"Chi semmu"},"content":{"rendered":"<div class=\"wpb-content-wrapper\"><p>[vc_row row_type=&#8221;row&#8221; use_row_as_full_screen_section=&#8221;no&#8221; type=&#8221;full_width&#8221; angled_section=&#8221;no&#8221; text_align=&#8221;left&#8221; background_image_as_pattern=&#8221;without_pattern&#8221; css_animation=&#8221;&#8221; css=&#8221;.vc_custom_1484731862078{padding-right: 15% !important;padding-left: 15% !important;}&#8221;][vc_column css=&#8221;.vc_custom_1484749732498{padding-top: 5% !important;padding-bottom: 5% !important;}&#8221;][vc_column_text]<span style=\"font-weight: 400;\">U Studio Canepa Associati\u00a0u l\u2019\u00e8 staeto fondou in to mille n\u00eauve\u00e7\u00e9nto nov\u00e0nta n\u00eauve da l\u2019inzegn\u00ea Giovanni Canepa vulgo Gianni, da u figgio archit\u00e9tto Maor\u00ec\u00e7io Canepa e da u n\u00eavo \u00a0inzegn\u00ea Giovanni G. Canepa.<\/span><\/p>\n<p><span style=\"font-weight: 400;\">Giovanni Canepa s\u2019\u00e8 laore\u00f2u in tu mille n\u00eauve\u00e7\u00e9nto \u00a0\u00a0\u00e7inqu\u00e0nta \u00a0trei in Inzegneria civ\u00eele e dei trasp\u00f2rti. Pe incomens\u00e2 \u00a0u la travagi\u00f2u in te l\u2019inpr\u00e9iza Parodi &amp; De Rege: i titulari eian famusi costrut\u00f9\u00ec \u00a0e stavan in bel\u00ecscimi \u00a0pal\u00e0ssi \u00a0d\u2019Arb\u00e0. In tu mille n\u00eauve\u00e7\u00e9nto \u00a0\u00a0\u00e7inqu\u00e0nta \u00a0n\u00eauve \u00a0u Gianni u dec\u00ecdde \u00a0de arv\u00ee una ativit\u00e6 in pr\u00f2prio. Sun i anni du \u201cboom economico\u201d e l\u2019Italia deive scancel\u00e2 e fer\u00eee \u00a0\u00a0da go\u00e6ra. Ghe sun cant\u00ea d\u00f3nde se s\u00e9gge e de t\u00f9tti i t\u00eepi .<\/span>[\/vc_column_text][\/vc_column][\/vc_row][vc_row row_type=&#8221;parallax&#8221; parallax_content_width=&#8221;full_width&#8221; text_align=&#8221;left&#8221; background_image=&#8221;15799&#8243; full_screen_section_height=&#8221;no&#8221; section_height=&#8221;450&#8243; css=&#8221;.vc_custom_1484749658851{background-image: url(http:\/\/studiocanepa.it\/wp-content\/uploads\/2017\/01\/studio-canepa-in-genovese.jpg?id=15799) !important;background-position: center !important;background-repeat: no-repeat !important;background-size: cover !important;}&#8221;][vc_column][\/vc_column][\/vc_row][vc_row row_type=&#8221;row&#8221; use_row_as_full_screen_section=&#8221;no&#8221; type=&#8221;full_width&#8221; angled_section=&#8221;no&#8221; text_align=&#8221;left&#8221; background_image_as_pattern=&#8221;without_pattern&#8221; css_animation=&#8221;&#8221; css=&#8221;.vc_custom_1484731862078{padding-right: 15% !important;padding-left: 15% !important;}&#8221;][vc_column css=&#8221;.vc_custom_1484731837820{padding-top: 5% !important;padding-bottom: 5% !important;}&#8221;][vc_column_text]<span style=\"font-weight: 400;\">Trei anni fa Giovanni Canepa \u00a0u l\u2019\u00e8 stetu festez\u00f2u pei 60 anni de inscri\u00e7i\u00f3n a l\u2019 \u00f2rdine degli Inzegn\u00ea de Zena.<\/span><\/p>\n<p><span style=\"font-weight: 400;\">U \u00a0pr\u00ecmmo \u00a0scagno u l\u2019ea ci\u00f9 \u00f2 m\u00eano \u00a0un retru \u00a0bit\u00eaga : l\u2019ea u cian de \u00a0s\u00f3rvia \u00a0da bit\u00eaga \u00a0\u00a0de aliment\u00e2ri \u00a0de e l\u00e0lle<\/span><span style=\"font-weight: 400;\"> in via Arb\u00e0 9: de sutta e l\u00e0lle vendevan pasta fresca (fam\u00f4zi \u00a0i raieu de e l\u00e0lle<\/span><span style=\"font-weight: 400;\">), \u00a0\u00a0e de \u00a0s\u00f3rvia \u00a0se prog\u00e9ttavan \u00a0case e palazzin-e. U Gianni u le restou un \u00f2mmo pr\u00e0tico \u00a0: u l\u2019\u00e8 pr\u00e0tico de nascita, u l\u2019ha prin\u00e7ipiou cun d\u00f2nne pr\u00e0tiche .<\/span><\/p>\n<p><span style=\"font-weight: 400;\">L\u2019inzegn\u00ea Giovanni Canepa \u00a0vulgo Gianni u l\u2019ha sempre acet\u00f2u \u00a0a sf\u00ecdda da modernit\u00e6, de la trasforma\u00e7i\u00f3n, da t\u00e9nica e de l\u2019\u00f2rganiza\u00e7i\u00f3n \u00a0s\u00e9nsa \u00a0\u00a0desmenteg\u00e2 \u00a0a \u00a0tradici\u00f3n \u00a0. Anc\u00f3n \u00a0\u00a0\u00f2ua \u00a0verifica i \u00a0\u00a0c\u00e0lcoli du computer cun u regolu: va ben la modernit\u00e8, ma \u00e8 megiu nu fi\u00e2se e nu st\u00e2sene.<\/span><\/p>\n<p><span style=\"font-weight: 400;\">D\u00f2ppo quarant\u2019anni de libera profesci\u00f3n \u00a0nasce a socj\u00eat\u00e6 \u00a0 Studio Canepa Associati: v\u2019 ar\u00eean<\/span><span style=\"font-weight: 400;\"> \u00a0\u00a0gli \u201cstorici\u201d colaborat\u00f4i de u Canepa, pers\u00f3nne \u00a0\u00a0\u00f2ram\u00e2i \u00a0\u00a0de fam\u00ecggia \u00a0\u00a0: ma u baccan<\/span><span style=\"font-weight: 400;\"> ghe da du vusci\u00e0<\/span><span style=\"font-weight: 400;\"> \u00a0comme se faxeva na v\u00f2tta . Ar\u00eean anche i zueni, \u00a0\u00a0\u00a0inzegn\u00ea \u00a0e architetti: \u00a0\u00a0\u00a0Maor\u00ec\u00e7io \u00a0u figgiu architettu e u nevu Gianni junior, inzegn\u00e9.<\/span>[\/vc_column_text][\/vc_column][\/vc_row][vc_row row_type=&#8221;parallax&#8221; parallax_content_width=&#8221;in_grid&#8221; text_align=&#8221;left&#8221; background_image=&#8221;15810&#8243; full_screen_section_height=&#8221;no&#8221; section_height=&#8221;450&#8243; css=&#8221;.vc_custom_1484732951553{background-image: url(http:\/\/studiocanepa.it\/wp-content\/uploads\/2017\/01\/lo-studio-studio-canepa-genova.jpg?id=15810) !important;background-position: center !important;background-repeat: no-repeat !important;background-size: cover !important;}&#8221;][vc_column][\/vc_column][\/vc_row][vc_row row_type=&#8221;row&#8221; use_row_as_full_screen_section=&#8221;no&#8221; type=&#8221;full_width&#8221; angled_section=&#8221;no&#8221; text_align=&#8221;left&#8221; background_image_as_pattern=&#8221;without_pattern&#8221; css_animation=&#8221;&#8221; css=&#8221;.vc_custom_1484731862078{padding-right: 15% !important;padding-left: 15% !important;}&#8221;][vc_column css=&#8221;.vc_custom_1484731837820{padding-top: 5% !important;padding-bottom: 5% !important;}&#8221;][vc_column_text]<span style=\"font-weight: 400;\">T\u00e0nti dei l\u00f2u prog\u00e9tte e sego\u00ee comme direttui dei trav\u00e0ggi da u St\u00f9diu fan parte du \u00a0paiz\u00e0ggio de a \u00e7it\u00e6 de Zena e dint\u00f3rni. Ma ghe sun anche opere importanti in atre regi\u00f3n d\u2019Italia c\u00f3mme u stabilim\u00e9nto da Marconi Italiana a Caserta<\/span><\/p>\n<p><span style=\"font-weight: 400;\">Pe turn\u00e0 in Lig\u00f9ria \u00a0intr\u00eaghi \u00a0quart\u00ea \u00a0sun \u00f2pia du Studio. Villa Gavotti \u00a0s\u00f3rvia \u00a0a Multedo e u Donegaro de Cogo\u00eauo con un c\u00e9ntro comerci\u00e2le e na ci\u00e0ssa de 7000 m\u00eatri quadr\u00e2ti: in questo l\u00f2u gh\u00e8 la valoriza\u00e7i\u00f3n de unna ant\u00eega \u00a0forn\u00e2xe de \u00a0c\u00e2s\u00ecnna, un c\u00e0ppo d\u2019\u00f2pera de ric\u00f9pero de archeologia \u00a0industri\u00e2le. Un\u2019atra realisaciun importante a l\u2019\u00e8 steta u stabilimento Elsag de Sestri Ponente, ovia personale de l\u2019inzegn\u00ea Gianni. Inpegnat\u00eevo l\u2019\u00e8 stetu proget\u00e2 a sede Ekaf per brustol\u00ee u caf\u00e8, stabilimento mod\u00e8rno \u00a0e b\u00e9n b\u00e9n \u00a0\u00a0tecnico. <\/span><\/p>\n<p><span style=\"font-weight: 400;\">As\u00e6 \u00a0inport\u00e0nte la inaogura\u00e7i\u00f3n du c\u00e9ntro \u00a0logistico della Ligabue S.p.A., unna \u00a0<\/span><i><span style=\"font-weight: 400;\">socj\u00eat\u00e6 <\/span><\/i><span style=\"font-weight: 400;\">de Ven\u00e9\u00e7ia de fornit\u00fbe \u00a0de b\u00f2rdo \u00a0.<\/span><\/p>\n<p><span style=\"font-weight: 400;\">In Rivea, a Spout\u00f3rno, u Studio u l\u2019ha \u00a0f\u00e6to un b\u00f3rgo main\u00e2 \u00a0v\u00eagio \u00a0\u00a0st\u00eele, cun 90 sc\u00eeti sensa auto in tu giard\u00ecn: e str\u00e0dde pe e m\u00e0chine sun s\u00f3ttot\u00e6ra, novit\u00e6 pe av\u00e9i \u00a0u m\u00e0scimo du confort inta riprodu\u00e7i\u00f3n du f\u00e0scino ant\u00eego.<\/span><\/p>\n<p>[\/vc_column_text][\/vc_column][\/vc_row][vc_row row_type=&#8221;parallax&#8221; parallax_content_width=&#8221;in_grid&#8221; text_align=&#8221;left&#8221; background_image=&#8221;15582&#8243; full_screen_section_height=&#8221;no&#8221; section_height=&#8221;450&#8243; css=&#8221;.vc_custom_1484746867737{background-image: url(http:\/\/studiocanepa.it\/wp-content\/uploads\/2016\/12\/studio-canepa-home-4.jpg?id=15582) !important;background-position: center !important;background-repeat: no-repeat !important;background-size: cover !important;}&#8221;][vc_column][\/vc_column][\/vc_row][vc_row row_type=&#8221;row&#8221; use_row_as_full_screen_section=&#8221;no&#8221; type=&#8221;full_width&#8221; angled_section=&#8221;no&#8221; text_align=&#8221;left&#8221; background_image_as_pattern=&#8221;without_pattern&#8221; css_animation=&#8221;&#8221; css=&#8221;.vc_custom_1484731862078{padding-right: 15% !important;padding-left: 15% !important;}&#8221;][vc_column css=&#8221;.vc_custom_1484731837820{padding-top: 5% !important;padding-bottom: 5% !important;}&#8221;][vc_column_text]I Canepa travaggian anche in tu rest\u00e0oro: u Ti\u00e2tro da Zovent\u00f9, fabric\u00f2u durante u fasc\u00ecsmo , ad\u00eauviou \u00a0de r\u00e6o comme \u00a0ti\u00e2tro, oua ha unna sala teatr\u00e2le de 400 p\u00f2sti e un auditorium da 100 p\u00f2sti, d\u00f3nde pr\u00ecmma faxevan a scherma.<\/p>\n<p>Unn-a de \u00f9rtime \u00f2pere du St\u00f9dio l\u2019\u00e8 a Campi a prestigiosa s\u00eade zen\u00e9ize di Maisons du Monde, cad\u00e9nn-a \u00a0fran\u00e7\u00e9ize de aredam\u00e9nto. E anc\u00f3n i c\u00e9ntri comerci\u00e2li Sogegross e sciti de abita\u00e7i\u00f3n in via Puglia e in via Albaro 43.<\/p>\n<p>I cullaburatui travagian sempre s\u00f3tta la supervix\u00f3n \u00a0de un-o dei titolari. Ghe sun anche importanti consulenti esterni tra cui alcuni titolari di cattedre universitarie<\/p>\n<p>Lo Studio travaggia tantu e ben, conciliando u stile bit\u00eaga cu e \u00a0conpet\u00e9nse \u201cplurime e interdisciplinari\u201d de colaborat\u00f4i \u00a0specializ\u00e8 \u00a0in vari \u00a0c\u00e0npi: segu\u00e9ssa, \u00a0t\u00e9nica de costru\u00e7i\u00f3n ec\u00e9tera, ec\u00e9tera.<\/p>\n<p>Un prog\u00e9tto firm\u00f2u Canepa u l\u2019\u00e8 sempre conpl\u00eato \u00a0\u00a0e garant\u00eeo. Sia cu segge destinou a c\u00e2za de abita\u00e7i\u00f3n, a rescid\u00e9nsa pe i vegetti, a p\u00f2sto de travaggiu, o a divent\u00e2 g\u00eaxa un casam\u00e9nto sai\u00e0 sempra armoniz\u00f2u cu u paiz\u00e0ggio e fon\u00e7ion\u00e2le.[\/vc_column_text][\/vc_column][\/vc_row]<\/p>\n<\/div>","protected":false},"excerpt":{"rendered":"<p>[vc_row row_type=&#8221;row&#8221; use_row_as_full_screen_section=&#8221;no&#8221; type=&#8221;full_width&#8221; angled_section=&#8221;no&#8221; text_align=&#8221;left&#8221; background_image_as_pattern=&#8221;without_pattern&#8221; css_animation=&#8221;&#8221; css=&#8221;.vc_custom_1484731862078{padding-right: 15% !important;padding-left: 15% !important;}&#8221;][vc_column css=&#8221;.vc_custom_1484749732498{padding-top: 5% !important;padding-bottom: 5% !important;}&#8221;][vc_column_text]U Studio Canepa Associati\u00a0u l\u2019\u00e8 staeto fondou in to mille n\u00eauve\u00e7\u00e9nto nov\u00e0nta n\u00eauve da l\u2019inzegn\u00ea Giovanni Canepa vulgo Gianni, da u figgio archit\u00e9tto Maor\u00ec\u00e7io Canepa e da u&#8230;<\/p>\n","protected":false},"author":1,"featured_media":0,"parent":0,"menu_order":0,"comment_status":"closed","ping_status":"closed","template":"full_width.php","meta":{"footnotes":""},"class_list":["post-15822","page","type-page","status-publish","hentry"],"_links":{"self":[{"href":"https:\/\/studiocanepa.it\/ze\/wp-json\/wp\/v2\/pages\/15822","targetHints":{"allow":["GET"]}}],"collection":[{"href":"https:\/\/studiocanepa.it\/ze\/wp-json\/wp\/v2\/pages"}],"about":[{"href":"https:\/\/studiocanepa.it\/ze\/wp-json\/wp\/v2\/types\/page"}],"author":[{"embeddable":true,"href":"https:\/\/studiocanepa.it\/ze\/wp-json\/wp\/v2\/users\/1"}],"replies":[{"embeddable":true,"href":"https:\/\/studiocanepa.it\/ze\/wp-json\/wp\/v2\/comments?post=15822"}],"version-history":[{"count":5,"href":"https:\/\/studiocanepa.it\/ze\/wp-json\/wp\/v2\/pages\/15822\/revisions"}],"predecessor-version":[{"id":15833,"href":"https:\/\/studiocanepa.it\/ze\/wp-json\/wp\/v2\/pages\/15822\/revisions\/15833"}],"wp:attachment":[{"href":"https:\/\/studiocanepa.it\/ze\/wp-json\/wp\/v2\/media?parent=15822"}],"curies":[{"name":"wp","href":"https:\/\/api.w.org\/{rel}","templated":true}]}}

<div class="wpb-content-wrapper"><p>[vc_row row_type=&#8221;row&#8221; use_row_as_full_screen_section=&#8221;no&#8221; type=&#8221;full_width&#8221; angled_section=&#8221;no&#8221; text_align=&#8221;left&#8221; background_image_as_pattern=&#8221;without_pattern&#8221; css_animation=&#8221;&#8221; css=&#8221;.vc_custom_1484731862078{padding-right: 15% !important;padding-left: 15% !important;}&#8221;][vc_column css=&#8221;.vc_custom_1484749732498{padding-top: 5% !important;padding-bottom: 5% !important;}&#8221;][vc_column_text]<span style="font-weight: 400;">U Studio Canepa Associati u l’è staeto fondou in to mille nêuveçénto novànta nêuve da l’inzegnê Giovanni Canepa vulgo Gianni, da u figgio architétto Maorìçio Canepa e da u nêvo  inzegnê Giovanni G. Canepa.</span></p>
<p><span style="font-weight: 400;">Giovanni Canepa s’è laoreòu in tu mille nêuveçénto   çinquànta  trei in Inzegneria civîle e dei traspòrti. Pe incomensâ  u la travagiòu in te l’inpréiza Parodi &amp; De Rege: i titulari eian famusi costrutùì  e stavan in belìscimi  palàssi  d’Arbà. In tu mille nêuveçénto   çinquànta  nêuve  u Gianni u decìdde  de arvî una ativitæ in pròprio. Sun i anni du “boom economico” e l’Italia deive scancelâ e ferîe   da goæra. Ghe sun cantê dónde se ségge e de tùtti i tîpi .</span>[/vc_column_text][/vc_column][/vc_row][vc_row row_type=&#8221;parallax&#8221; parallax_content_width=&#8221;full_width&#8221; text_align=&#8221;left&#8221; background_image=&#8221;15799&#8243; full_screen_section_height=&#8221;no&#8221; section_height=&#8221;450&#8243; css=&#8221;.vc_custom_1484749658851{background-image: url(http://studiocanepa.it/wp-content/uploads/2017/01/studio-canepa-in-genovese.jpg?id=15799) !important;background-position: center !important;background-repeat: no-repeat !important;background-size: cover !important;}&#8221;][vc_column][/vc_column][/vc_row][vc_row row_type=&#8221;row&#8221; use_row_as_full_screen_section=&#8221;no&#8221; type=&#8221;full_width&#8221; angled_section=&#8221;no&#8221; text_align=&#8221;left&#8221; background_image_as_pattern=&#8221;without_pattern&#8221; css_animation=&#8221;&#8221; css=&#8221;.vc_custom_1484731862078{padding-right: 15% !important;padding-left: 15% !important;}&#8221;][vc_column css=&#8221;.vc_custom_1484731837820{padding-top: 5% !important;padding-bottom: 5% !important;}&#8221;][vc_column_text]<span style="font-weight: 400;">Trei anni fa Giovanni Canepa  u l’è stetu festezòu pei 60 anni de inscriçión a l’ òrdine degli Inzegnê de Zena.</span></p>
<p><span style="font-weight: 400;">U  prìmmo  scagno u l’ea ciù ò mêno  un retru  bitêga : l’ea u cian de  sórvia  da bitêga   de alimentâri  de e làlle</span><span style="font-weight: 400;"> in via Arbà 9: de sutta e làlle vendevan pasta fresca (famôzi  i raieu de e làlle</span><span style="font-weight: 400;">),   e de  sórvia  se progéttavan  case e palazzin-e. U Gianni u le restou un òmmo pràtico  : u l’è pràtico de nascita, u l’ha prinçipiou cun dònne pràtiche .</span></p>
<p><span style="font-weight: 400;">L’inzegnê Giovanni Canepa  vulgo Gianni u l’ha sempre acetòu  a sfìdda da modernitæ, de la trasformaçión, da ténica e de l’òrganizaçión  sénsa   desmentegâ  a  tradición  . Ancón   òua  verifica i   càlcoli du computer cun u regolu: va ben la modernitè, ma è megiu nu fiâse e nu stâsene.</span></p>
<p><span style="font-weight: 400;">Dòppo quarant’anni de libera profesción  nasce a socjêtæ   Studio Canepa Associati: v’ arîan</span><span style="font-weight: 400;">   gli “storici” colaboratôi de u Canepa, persónne   òramâi   de famìggia   : ma u baccan</span><span style="font-weight: 400;"> ghe da du vuscià</span><span style="font-weight: 400;">  comme se faxeva na vòtta . Arîan anche i zueni,    inzegnê  e architetti:    Maorìçio  u figgiu architettu e u nevu Gianni junior, inzegné.</span>[/vc_column_text][/vc_column][/vc_row][vc_row row_type=&#8221;parallax&#8221; parallax_content_width=&#8221;in_grid&#8221; text_align=&#8221;left&#8221; background_image=&#8221;15810&#8243; full_screen_section_height=&#8221;no&#8221; section_height=&#8221;450&#8243; css=&#8221;.vc_custom_1484732951553{background-image: url(http://studiocanepa.it/wp-content/uploads/2017/01/lo-studio-studio-canepa-genova.jpg?id=15810) !important;background-position: center !important;background-repeat: no-repeat !important;background-size: cover !important;}&#8221;][vc_column][/vc_column][/vc_row][vc_row row_type=&#8221;row&#8221; use_row_as_full_screen_section=&#8221;no&#8221; type=&#8221;full_width&#8221; angled_section=&#8221;no&#8221; text_align=&#8221;left&#8221; background_image_as_pattern=&#8221;without_pattern&#8221; css_animation=&#8221;&#8221; css=&#8221;.vc_custom_1484731862078{padding-right: 15% !important;padding-left: 15% !important;}&#8221;][vc_column css=&#8221;.vc_custom_1484731837820{padding-top: 5% !important;padding-bottom: 5% !important;}&#8221;][vc_column_text]<span style="font-weight: 400;">Tànti dei lòu progétte e segoî comme direttui dei travàggi da u Stùdiu fan parte du  paizàggio de a çitæ de Zena e dintórni. Ma ghe sun anche opere importanti in atre región d’Italia cómme u stabiliménto da Marconi Italiana a Caserta</span></p>
<p><span style="font-weight: 400;">Pe turnà in Ligùria  intrêghi  quartê  sun òpia du Studio. Villa Gavotti  sórvia  a Multedo e u Donegaro de Cogoêuo con un céntro comerciâle e na ciàssa de 7000 mêtri quadrâti: in questo lòu ghè la valorizaçión de unna antîga  fornâxe de  câsìnna, un càppo d’òpera de ricùpero de archeologia  industriâle. Un’atra realisaciun importante a l’è steta u stabilimento Elsag de Sestri Ponente, ovia personale de l’inzegnê Gianni. Inpegnatîvo l’è stetu progetâ a sede Ekaf per brustolî u cafè, stabilimento modèrno  e bén bén   tecnico. </span></p>
<p><span style="font-weight: 400;">Asæ  inportànte la inaoguraçión du céntro  logistico della Ligabue S.p.A., unna  </span><i><span style="font-weight: 400;">socjêtæ </span></i><span style="font-weight: 400;">de Venéçia de fornitûe  de bòrdo  .</span></p>
<p><span style="font-weight: 400;">In Rivea, a Spoutórno, u Studio u l’ha  fæto un bórgo mainâ  vêgio   stîle, cun 90 scîti sensa auto in tu giardìn: e stràdde pe e màchine sun sóttotæra, novitæ pe avéi  u màscimo du confort inta riproduçión du fàscino antîgo.</span></p>
<p>[/vc_column_text][/vc_column][/vc_row][vc_row row_type=&#8221;parallax&#8221; parallax_content_width=&#8221;in_grid&#8221; text_align=&#8221;left&#8221; background_image=&#8221;15582&#8243; full_screen_section_height=&#8221;no&#8221; section_height=&#8221;450&#8243; css=&#8221;.vc_custom_1484746867737{background-image: url(http://studiocanepa.it/wp-content/uploads/2016/12/studio-canepa-home-4.jpg?id=15582) !important;background-position: center !important;background-repeat: no-repeat !important;background-size: cover !important;}&#8221;][vc_column][/vc_column][/vc_row][vc_row row_type=&#8221;row&#8221; use_row_as_full_screen_section=&#8221;no&#8221; type=&#8221;full_width&#8221; angled_section=&#8221;no&#8221; text_align=&#8221;left&#8221; background_image_as_pattern=&#8221;without_pattern&#8221; css_animation=&#8221;&#8221; css=&#8221;.vc_custom_1484731862078{padding-right: 15% !important;padding-left: 15% !important;}&#8221;][vc_column css=&#8221;.vc_custom_1484731837820{padding-top: 5% !important;padding-bottom: 5% !important;}&#8221;][vc_column_text]I Canepa travaggian anche in tu restàoro: u Tiâtro da Zoventù, fabricòu durante u fascìsmo , adêuviou  de ræo comme  tiâtro, oua ha unna sala teatrâle de 400 pòsti e un auditorium da 100 pòsti, dónde prìmma faxevan a scherma.</p>
<p>Unn-a de ùrtime òpere du Stùdio l’è a Campi a prestigiosa sêde zenéize di Maisons du Monde, cadénn-a  françéize de aredaménto. E ancón i céntri comerciâli Sogegross e sciti de abitaçión in via Puglia e in via Albaro 43.</p>
<p>I cullaburatui travagian sempre sótta la supervixón  de un-o dei titolari. Ghe sun anche importanti consulenti esterni tra cui alcuni titolari di cattedre universitarie</p>
<p>Lo Studio travaggia tantu e ben, conciliando u stile bitêga cu e  conpeténse “plurime e interdisciplinari” de colaboratôi  specializè  in vari  cànpi: seguéssa,  ténica de costruçión ecétera, ecétera.</p>
<p>Un progétto firmòu Canepa u l’è sempre conplêto   e garantîo. Sia cu segge destinou a câza de abitaçión, a rescidénsa pe i vegetti, a pòsto de travaggiu, o a diventâ gêxa un casaménto saià sempra armonizòu cu u paizàggio e fonçionâle.[/vc_column_text][/vc_column][/vc_row]</p>
</div>

<p>[vc_row row_type=&#8221;row&#8221; use_row_as_full_screen_section=&#8221;no&#8221; type=&#8221;full_width&#8221; angled_section=&#8221;no&#8221; text_align=&#8221;left&#8221; background_image_as_pattern=&#8221;without_pattern&#8221; css_animation=&#8221;&#8221; css=&#8221;.vc_custom_1484731862078{padding-right: 15% !important;padding-left: 15% !important;}&#8221;][vc_column css=&#8221;.vc_custom_1484749732498{padding-top: 5% !important;padding-bottom: 5% !important;}&#8221;][vc_column_text]U Studio Canepa Associati u l’è staeto fondou in to mille nêuveçénto novànta nêuve da l’inzegnê Giovanni Canepa vulgo Gianni, da u figgio architétto Maorìçio Canepa e da u&#8230;</p>
