{"id":16715,"date":"2024-12-17T19:26:02","date_gmt":"2024-12-17T18:26:02","guid":{"rendered":"https:\/\/studiocanepa.it\/portfolio_page\/via-albaro-43\/"},"modified":"2024-12-17T19:28:36","modified_gmt":"2024-12-17T18:28:36","slug":"via-albaro-43","status":"publish","type":"portfolio_page","link":"https:\/\/studiocanepa.it\/fr\/portfolio_page\/via-albaro-43\/","title":{"rendered":"Via Albaro 43"},"content":{"rendered":"<div class=\"wpb-content-wrapper\"><p>[vc_row css_animation=\u00a0\u00bb\u00a0\u00bb row_type=\u00a0\u00bbrow\u00a0\u00bb use_row_as_full_screen_section=\u00a0\u00bbno\u00a0\u00bb type=\u00a0\u00bbfull_width\u00a0\u00bb angled_section=\u00a0\u00bbno\u00a0\u00bb text_align=\u00a0\u00bbleft\u00a0\u00bb background_image_as_pattern=\u00a0\u00bbwithout_pattern\u00a0\u00bb][vc_column][vc_column_text css=\u00a0\u00bb\u00a0\u00bb]<b>NOUVELLE CONSTRUCTION R\u00c9SIDENTIELLE \u00ab VIA ALBARO 43 \u00bb<\/b> <b>AVEC GARAGE SOUTERRAIN PERTINENTIEL<\/b><\/p>\n<p><b>CLIENT: <\/b>KERMIT s.r.l.<\/p>\n<p><b>LIEU : <\/b>VIA ALBARO 43 &#8211; GENOA<\/p>\n<p><b>DESCRIPTION DE L&rsquo;INTERVENTION : <\/b><span style=\"font-weight: 400;\">Le projet pr\u00e9voit la d\u00e9molition partielle du b\u00e2timent existant identifi\u00e9 comme le \u00ab corps bas \u00bb \u00e0 l&rsquo;exclusion de la \u00ab Tourelle \u00bb, qui reste utilis\u00e9e par Telecom, et la construction simultan\u00e9e d&rsquo;un nouveau b\u00e2timent \u00e0 usage \u00ab r\u00e9sidentiel \u00bb avec le garage souterrain correspondant. En outre, il pr\u00e9voit la r\u00e9novation totale des am\u00e9nagements ext\u00e9rieurs. <\/span><\/p>\n<p><b> SERVICES EFFECTU\u00c9S :<\/b><\/p>\n<ul>\n<li style=\"font-weight: 400;\"><span style=\"font-weight: 400;\">Conception architecturale pr\u00e9liminaire, finale et ex\u00e9cutive ;<\/span><\/li>\n<li style=\"font-weight: 400;\"><span style=\"font-weight: 400;\">Sp\u00e9cifications d\u00e9crivant le travail ;<\/span><\/li>\n<\/ul>\n<p>[\/vc_column_text][\/vc_column][\/vc_row]<\/p>\n<\/div>","protected":false},"excerpt":{"rendered":"<p>Construction d&rsquo;un nouveau b\u00e2timent \u00e0 usage r\u00e9sidentiel avec un garage souterrain.<\/p>\n","protected":false},"author":1,"featured_media":16716,"menu_order":7,"comment_status":"closed","ping_status":"closed","template":"","portfolio_category":[171],"portfolio_tag":[],"class_list":["post-16715","portfolio_page","type-portfolio_page","status-publish","has-post-thumbnail","hentry","portfolio_category-constructions-privees-et-residentielles"],"_links":{"self":[{"href":"https:\/\/studiocanepa.it\/fr\/wp-json\/wp\/v2\/portfolio_page\/16715","targetHints":{"allow":["GET"]}}],"collection":[{"href":"https:\/\/studiocanepa.it\/fr\/wp-json\/wp\/v2\/portfolio_page"}],"about":[{"href":"https:\/\/studiocanepa.it\/fr\/wp-json\/wp\/v2\/types\/portfolio_page"}],"author":[{"embeddable":true,"href":"https:\/\/studiocanepa.it\/fr\/wp-json\/wp\/v2\/users\/1"}],"replies":[{"embeddable":true,"href":"https:\/\/studiocanepa.it\/fr\/wp-json\/wp\/v2\/comments?post=16715"}],"wp:featuredmedia":[{"embeddable":true,"href":"https:\/\/studiocanepa.it\/fr\/wp-json\/wp\/v2\/media\/16716"}],"wp:attachment":[{"href":"https:\/\/studiocanepa.it\/fr\/wp-json\/wp\/v2\/media?parent=16715"}],"wp:term":[{"taxonomy":"portfolio_category","embeddable":true,"href":"https:\/\/studiocanepa.it\/fr\/wp-json\/wp\/v2\/portfolio_category?post=16715"},{"taxonomy":"portfolio_tag","embeddable":true,"href":"https:\/\/studiocanepa.it\/fr\/wp-json\/wp\/v2\/portfolio_tag?post=16715"}],"curies":[{"name":"wp","href":"https:\/\/api.w.org\/{rel}","templated":true}]}}

<div class="wpb-content-wrapper"><p>[vc_row css_animation= » » row_type= »row » use_row_as_full_screen_section= »no » type= »full_width » angled_section= »no » text_align= »left » background_image_as_pattern= »without_pattern »][vc_column][vc_column_text css= » »]<b>NOUVELLE CONSTRUCTION RÉSIDENTIELLE « VIA ALBARO 43 »</b> <b>AVEC GARAGE SOUTERRAIN PERTINENTIEL</b></p>
<p><b>CLIENT: </b>KERMIT s.r.l.</p>
<p><b>LIEU : </b>VIA ALBARO 43 &#8211; GENOA</p>
<p><b>DESCRIPTION DE L&rsquo;INTERVENTION : </b><span style="font-weight: 400;">Le projet prévoit la démolition partielle du bâtiment existant identifié comme le « corps bas » à l&rsquo;exclusion de la « Tourelle », qui reste utilisée par Telecom, et la construction simultanée d&rsquo;un nouveau bâtiment à usage « résidentiel » avec le garage souterrain correspondant. En outre, il prévoit la rénovation totale des aménagements extérieurs. </span></p>
<p><b> SERVICES EFFECTUÉS :</b></p>
<ul>
<li style="font-weight: 400;"><span style="font-weight: 400;">Conception architecturale préliminaire, finale et exécutive ;</span></li>
<li style="font-weight: 400;"><span style="font-weight: 400;">Spécifications décrivant le travail ;</span></li>
</ul>
<p>[/vc_column_text][/vc_column][/vc_row]</p>
</div>

<p>Construction d&rsquo;un nouveau bâtiment à usage résidentiel avec un garage souterrain.</p>
